{"id":9017,"date":"2017-10-19T12:45:07","date_gmt":"2017-10-19T12:45:07","guid":{"rendered":"https:\/\/www.provatest.it\/sagnarotonda\/la-struttura\/"},"modified":"2026-03-09T19:43:56","modified_gmt":"2026-03-09T19:43:56","slug":"structure","status":"publish","type":"page","link":"https:\/\/www.sagnarotonda.com\/fr\/structure\/","title":{"rendered":"Structure"},"content":{"rendered":"<p>[vc_row content_width=\u00a0\u00bbgrid\u00a0\u00bb content_aligment=\u00a0\u00bbcenter\u00a0\u00bb css=\u00a0\u00bb.vc_custom_1508862273191{padding-top: 120px !important;padding-bottom: 53px !important;background-color: #ffffff !important;}\u00a0\u00bb][vc_column offset=\u00a0\u00bbvc_col-lg-offset-3 vc_col-lg-6 vc_col-md-offset-1 vc_col-md-10&Prime;]<div class=\"eltd-section-title-outer-holder\" style=\"text-align: center\">\n\n\t\t\t<div class=\"eltd-section-subtitle-holder\">\n\t\t\t<h5 class=\"eltd-section-subtitle\" style=\";;color: #333333;;;;\">\n\t\t\t\tLA VALORISATION DU PATRIMOINE\t\t\t<\/h5>\n\t\t<\/div>\n\t\n\t\t\t<div class=\"eltd-section-title-title-holder\">\n\t\t\t\t<h2 class=\"eltd-section-title\" style=\";font-size: 38px;;font-weight: 600;line-height: 63px;text-transform: Uppercase;letter-spacing: 5px;\">\n\t\t\t\tLA RESTRUCTURATION de Sagna Rotonda\t\t\t\t<\/h2>\n\t\t<\/div>\n\t\n<\/div>[vc_column_text]<\/p>\n<h4>Apr\u00e8s quatre ans de travaux m\u00e9ticuleux effectu\u00e9s par la Soci\u00e9t\u00e9 Marchisio Valter de Prazzo, le village de Sagna Rotonda regagne son ancienne gloire afin d&rsquo;offrir \u00e0 ses clients des \u00e9motions et sensations uniques, dans un contexte d\u2019une beaut\u00e9 extraordinaire.<\/h4>\n<p>[\/vc_column_text][\/vc_column][\/vc_row][vc_row css=\u00a0\u00bb.vc_custom_1508862134367{padding-right: 13% !important;padding-left: 13% !important;background-color: #ffffff !important;}\u00a0\u00bb][vc_column width=\u00a0\u00bb1\/2&Prime;][vc_single_image image=\u00a0\u00bb8656&Prime; img_size=\u00a0\u00bbfull\u00a0\u00bb css_animation=\u00a0\u00bbfadeIn\u00a0\u00bb][vc_empty_space][\/vc_column][vc_column width=\u00a0\u00bb1\/2&Prime;][vc_single_image image=\u00a0\u00bb8657&Prime; img_size=\u00a0\u00bbfull\u00a0\u00bb css_animation=\u00a0\u00bbfadeIn\u00a0\u00bb][vc_empty_space][\/vc_column][\/vc_row][vc_row content_width=\u00a0\u00bbgrid\u00a0\u00bb css=\u00a0\u00bb.vc_custom_1508862337432{margin-bottom: 25px !important;padding-top: 30px !important;padding-right: 20px !important;padding-bottom: 60px !important;padding-left: 20px !important;background-color: #ffffff !important;}\u00a0\u00bb el_class=\u00a0\u00bbombra2&Prime;][vc_column width=\u00a0\u00bb1\/2&Prime;][vc_column_text]<\/p>\n<h4>Sagna Rotonda est un projet entrepris par ma famille et moi afin de r\u00e9aliser un \u00e9co-village dans les montagnes du Pi\u00e9mont. Cette id\u00e9e est n\u00e9e de l&rsquo;union d\u2019exp\u00e9riences personnelles diversifi\u00e9es: la mienne comme artisan dans le cadre de la restructuration et de l\u2019installation, et celle de ma femme dans le domaine du tourisme et g\u00e9rante de B&amp;B dans le village de Pecetto Torinese. L&rsquo;amour d\u2019une montagne encore intacte ou peu connue et le d\u00e9sire de la faire d\u00e9couvrir aux familles, aux visiteurs et aux sportifs nous a encourag\u00e9 \u00e0 r\u00e9tablir un ancien village et le faire devenir point de r\u00e9f\u00e9rence pour ceux qui d\u00e9sirent passer des vacances diff\u00e9rentes, loin de la fr\u00e9n\u00e9sie, avec la possibilit\u00e9 de partir en randonn\u00e9e et en VTT. \u00c9galement, gr\u00e2ce \u00e0 l&rsquo;utilisation de sources d&rsquo;\u00e9nergies alternatives, vous pouvez d\u00e9couvrir et v\u00e9rifier par vous-m\u00eame les avantages fonctionnels, les opportunit\u00e9s et les r\u00e9sultats de l&rsquo;\u00e9nergie propre \u00e0 impact z\u00e9ro.<\/h4>\n<p>[\/vc_column_text][\/vc_column][vc_column width=\u00a0\u00bb1\/2&Prime;][vc_column_text]<\/p>\n<h4>Le projet regardait l&rsquo;achat et la r\u00e9novation compl\u00e8te d&rsquo;un village de montagne abandonn\u00e9 au fil des ann\u00e9es dans des conditions tr\u00e8s pr\u00e9caires. Ce village, appel\u00e9 Sagna Rotonda, est situ\u00e9 dans la municipalit\u00e9 de Marmora dans le Val Maira (Coni &#8211; Cuneo), \u00e0 1 644 m au-dessus du niveau de la mer, desservi par un chemin forestier, situ\u00e9 \u00e0 environ 2 km de la ville la plus proche.<\/h4>\n<h4>L&rsquo;id\u00e9e \u00e9tait de le r\u00e9nover en pr\u00e9servant les caract\u00e9ristiques architecturales des b\u00e2timents (datant de 1 700 environ) afin d&rsquo;en obtenir 13 appartements et espaces communs; de r\u00e9aliser le tout avec les derni\u00e8res techniques constructives et d\u2019installation au niveau d&rsquo;isolation thermique et de consolidation, en travaillant \u00e0 l&rsquo;int\u00e9rieur du b\u00e2timent pour ne pas ab\u00eemer l&rsquo;esth\u00e9tique \u00e0 l&rsquo;ext\u00e9rieur, et de se concentrer exclusivement sur l&rsquo;utilisation de sources d&rsquo;\u00e9nergie alternatives et respectueuses de l&rsquo;environnement.<\/h4>\n<p>[\/vc_column_text][\/vc_column][\/vc_row][vc_row row_type=\u00a0\u00bbparallax\u00a0\u00bb content_width=\u00a0\u00bbgrid\u00a0\u00bb content_aligment=\u00a0\u00bbcenter\u00a0\u00bb full_screen_section_height=\u00a0\u00bbno\u00a0\u00bb parallax_background_image=\u00a0\u00bb8225&Prime; css=\u00a0\u00bb.vc_custom_1508862282023{margin-bottom: 25px !important;padding-top: 95px !important;padding-bottom: 100px !important;}\u00a0\u00bb el_class=\u00a0\u00bbombra\u00a0\u00bb][vc_column offset=\u00a0\u00bbvc_col-lg-offset-2 vc_col-lg-8 vc_col-md-offset-1 vc_col-md-10&Prime; css=\u00a0\u00bb.vc_custom_1475484113399{padding-right: 3% !important;padding-left: 3% !important;}\u00a0\u00bb][vc_row_inner content_aligment=\u00a0\u00bbcenter\u00a0\u00bb][vc_column_inner offset=\u00a0\u00bbvc_col-lg-offset-1 vc_col-lg-10&Prime;]<div class=\"eltd-section-title-outer-holder\" style=\"text-align: center\">\n\n\t\n\t\n<\/div>[vc_column_text]<\/p>\n<h4><span style=\"color: #ffffff;\">Pour la production d&rsquo;\u00e9lectricit\u00e9 nous avons utilis\u00e9 un syst\u00e8me photovolta\u00efque d&rsquo;environ 8 kWc, combin\u00e9 avec un syst\u00e8me de chauffage \u00e9lectrique par pompes \u00e0 chaleur et avec des tables de cuisson \u00e0 induction, alors que la production d&rsquo;eau chaude est assur\u00e9e par des chaudi\u00e8res \u00e9lectriques.<\/span><\/h4>\n<p>[\/vc_column_text][\/vc_column_inner][\/vc_row_inner][vc_empty_space height=\u00a0\u00bb60px\u00a0\u00bb][\/vc_column][\/vc_row][vc_row content_width=\u00a0\u00bbgrid\u00a0\u00bb css=\u00a0\u00bb.vc_custom_1508862365199{padding-top: 60px !important;padding-right: 20px !important;padding-bottom: 60px !important;padding-left: 20px !important;background-color: #ffffff !important;}\u00a0\u00bb el_class=\u00a0\u00bbombra2&Prime;][vc_column width=\u00a0\u00bb1\/2&Prime;][vc_column_text]<\/p>\n<h4>Ainsi, nous avons r\u00e9alis\u00e9 une structure compl\u00e8tement autonome du point de vue \u00e9nerg\u00e9tique en respect de l&rsquo;environnement, excluant toute \u00e9mission de CO2 dans l&rsquo;atmosph\u00e8re. L&#8217;emploi de syst\u00e8mes d&rsquo;\u00e9clairage \u00e0 basse consommation, comme les nouvelles technologies LED ou fluorescents \u00e9lectroniques, compl\u00e8te l&rsquo;installation.<\/h4>\n<h4>Cette structure, selon des recherches men\u00e9es par moi-m\u00eame, serait l&rsquo;une des rares de son type. Un coin \u00e9loign\u00e9 de tout, qui offre aux visiteurs et \u00e0 leurs familles des nouvelles sensations et exp\u00e9riences, avec la possibilit\u00e9 de s\u2019int\u00e9grer avec les autres visiteurs de Sagna Rotonda. Un petit village de montagne restitu\u00e9 \u00e0 sa splendeur ancienne, entour\u00e9 d&rsquo;un milieu naturel de beaut\u00e9 extraordinaire, qui dispose aussi d&rsquo;un grand espace commun converti \u00e0 partir d&rsquo;une vieille grange vo\u00fbt\u00e9e en pierre, du four \u00e0 bois du village enti\u00e8rement restaur\u00e9e et du portique juste en face. La propri\u00e9t\u00e9 comprend <strong>un grand jardin<\/strong> avec des tables en plein air.<\/h4>\n<p>[\/vc_column_text][\/vc_column][vc_column width=\u00a0\u00bb1\/2&Prime;][vc_column_text]<\/p>\n<h4>Le Val Ma\u00efra est un territoire qui offre aux touristes la possibilit\u00e9 de visiter une partie de nos montagnes encore peu connu, diss\u00e9min\u00e9es de \u00ab strade ferrate \u00bb (voies ferr\u00e9es) du vallon alpin de la fronti\u00e8re franco-italienne, parfaites pour les randonn\u00e9es p\u00e9destres et en v\u00e9lo, admirant les fortifications et les tranch\u00e9es datant de la Seconde Guerre mondiale comme le Plateau de Gardetta ou Rocca La Meja, dans un paysage de montagne qui n&rsquo;a rien \u00e0 envier \u00e0 ceux beaucoup plus c\u00e9l\u00e8bres.<\/h4>\n<h4>Nous croyons que le Pi\u00e9mont a finalement commenc\u00e9 \u00e0 \u00eatre connu et appr\u00e9ci\u00e9 par un tourisme \u00e0 la fois national et international, pour cette raison il a \u00e9t\u00e9 possible de r\u00e9aliser un projet innovant ayant pour objectif de faire d\u00e9voiler aux visiteurs les rythmes de vie pass\u00e9s et disparus depuis longtemps, en s\u2019adressant vers un tourisme non commercial ainsi li\u00e9 \u00e0 la d\u00e9couverte du territoire et des sensations qui la nature seule, avec sa beaut\u00e9 primitive, peut inspirer.<\/h4>\n<h4>Nous vous attendons!<\/h4>\n<h4><em>Giovanni, Teresina, Giulio, Stefano<\/em><\/h4>\n<p>[\/vc_column_text][\/vc_column][\/vc_row]<\/p>\n","protected":false},"excerpt":{"rendered":"<p>[vc_row content_width=\u00a0\u00bbgrid\u00a0\u00bb content_aligment=\u00a0\u00bbcenter\u00a0\u00bb css=\u00a0\u00bb.vc_custom_1508862273191{padding-top: 120px !important;padding-bottom: 53px !important;background-color: #ffffff !important;}\u00a0\u00bb][vc_column offset=\u00a0\u00bbvc_col-lg-offset-3 vc_col-lg-6 vc_col-md-offset-1 vc_col-md-10&Prime;][vc_column_text] Apr\u00e8s quatre ans de travaux m\u00e9ticuleux effectu\u00e9s par la Soci\u00e9t\u00e9 Marchisio Valter de Prazzo, le village de Sagna Rotonda regagne son ancienne gloire afin d&rsquo;offrir \u00e0 ses clients des \u00e9motions et&#8230;<\/p>\n","protected":false},"author":1,"featured_media":0,"parent":0,"menu_order":0,"comment_status":"closed","ping_status":"closed","template":"full-width.php","meta":{"footnotes":""},"class_list":["post-9017","page","type-page","status-publish","hentry"],"_links":{"self":[{"href":"https:\/\/www.sagnarotonda.com\/fr\/wp-json\/wp\/v2\/pages\/9017","targetHints":{"allow":["GET"]}}],"collection":[{"href":"https:\/\/www.sagnarotonda.com\/fr\/wp-json\/wp\/v2\/pages"}],"about":[{"href":"https:\/\/www.sagnarotonda.com\/fr\/wp-json\/wp\/v2\/types\/page"}],"author":[{"embeddable":true,"href":"https:\/\/www.sagnarotonda.com\/fr\/wp-json\/wp\/v2\/users\/1"}],"replies":[{"embeddable":true,"href":"https:\/\/www.sagnarotonda.com\/fr\/wp-json\/wp\/v2\/comments?post=9017"}],"version-history":[{"count":5,"href":"https:\/\/www.sagnarotonda.com\/fr\/wp-json\/wp\/v2\/pages\/9017\/revisions"}],"predecessor-version":[{"id":11093,"href":"https:\/\/www.sagnarotonda.com\/fr\/wp-json\/wp\/v2\/pages\/9017\/revisions\/11093"}],"wp:attachment":[{"href":"https:\/\/www.sagnarotonda.com\/fr\/wp-json\/wp\/v2\/media?parent=9017"}],"curies":[{"name":"wp","href":"https:\/\/api.w.org\/{rel}","templated":true}]}}

<p>[vc_row content_width= »grid » content_aligment= »center » css= ».vc_custom_1508862273191{padding-top: 120px !important;padding-bottom: 53px !important;background-color: #ffffff !important;} »][vc_column offset= »vc_col-lg-offset-3 vc_col-lg-6 vc_col-md-offset-1 vc_col-md-10&Prime;]<div class="eltd-section-title-outer-holder" style="text-align: center">

			<div class="eltd-section-subtitle-holder">
			<h5 class="eltd-section-subtitle" style=";;color: #333333;;;;">
				LA VALORISATION DU PATRIMOINE			</h5>
		</div>
	
			<div class="eltd-section-title-title-holder">
				<h2 class="eltd-section-title" style=";font-size: 38px;;font-weight: 600;line-height: 63px;text-transform: Uppercase;letter-spacing: 5px;">
				LA RESTRUCTURATION de Sagna Rotonda				</h2>
		</div>
	
</div>[vc_column_text]</p>
<h4>Après quatre ans de travaux méticuleux effectués par la Société Marchisio Valter de Prazzo, le village de Sagna Rotonda regagne son ancienne gloire afin d&rsquo;offrir à ses clients des émotions et sensations uniques, dans un contexte d’une beauté extraordinaire.</h4>
<p>[/vc_column_text][/vc_column][/vc_row][vc_row css= ».vc_custom_1508862134367{padding-right: 13% !important;padding-left: 13% !important;background-color: #ffffff !important;} »][vc_column width= »1/2&Prime;][vc_single_image image= »8656&Prime; img_size= »full » css_animation= »fadeIn »][vc_empty_space][/vc_column][vc_column width= »1/2&Prime;][vc_single_image image= »8657&Prime; img_size= »full » css_animation= »fadeIn »][vc_empty_space][/vc_column][/vc_row][vc_row content_width= »grid » css= ».vc_custom_1508862337432{margin-bottom: 25px !important;padding-top: 30px !important;padding-right: 20px !important;padding-bottom: 60px !important;padding-left: 20px !important;background-color: #ffffff !important;} » el_class= »ombra2&Prime;][vc_column width= »1/2&Prime;][vc_column_text]</p>
<h4>Sagna Rotonda est un projet entrepris par ma famille et moi afin de réaliser un éco-village dans les montagnes du Piémont. Cette idée est née de l&rsquo;union d’expériences personnelles diversifiées: la mienne comme artisan dans le cadre de la restructuration et de l’installation, et celle de ma femme dans le domaine du tourisme et gérante de B&amp;B dans le village de Pecetto Torinese. L&rsquo;amour d’une montagne encore intacte ou peu connue et le désire de la faire découvrir aux familles, aux visiteurs et aux sportifs nous a encouragé à rétablir un ancien village et le faire devenir point de référence pour ceux qui désirent passer des vacances différentes, loin de la frénésie, avec la possibilité de partir en randonnée et en VTT. Également, grâce à l&rsquo;utilisation de sources d&rsquo;énergies alternatives, vous pouvez découvrir et vérifier par vous-même les avantages fonctionnels, les opportunités et les résultats de l&rsquo;énergie propre à impact zéro.</h4>
<p>[/vc_column_text][/vc_column][vc_column width= »1/2&Prime;][vc_column_text]</p>
<h4>Le projet regardait l&rsquo;achat et la rénovation complète d&rsquo;un village de montagne abandonné au fil des années dans des conditions très précaires. Ce village, appelé Sagna Rotonda, est situé dans la municipalité de Marmora dans le Val Maira (Coni &#8211; Cuneo), à 1 644 m au-dessus du niveau de la mer, desservi par un chemin forestier, situé à environ 2 km de la ville la plus proche.</h4>
<h4>L&rsquo;idée était de le rénover en préservant les caractéristiques architecturales des bâtiments (datant de 1 700 environ) afin d&rsquo;en obtenir 13 appartements et espaces communs; de réaliser le tout avec les dernières techniques constructives et d’installation au niveau d&rsquo;isolation thermique et de consolidation, en travaillant à l&rsquo;intérieur du bâtiment pour ne pas abîmer l&rsquo;esthétique à l&rsquo;extérieur, et de se concentrer exclusivement sur l&rsquo;utilisation de sources d&rsquo;énergie alternatives et respectueuses de l&rsquo;environnement.</h4>
<p>[/vc_column_text][/vc_column][/vc_row][vc_row row_type= »parallax » content_width= »grid » content_aligment= »center » full_screen_section_height= »no » parallax_background_image= »8225&Prime; css= ».vc_custom_1508862282023{margin-bottom: 25px !important;padding-top: 95px !important;padding-bottom: 100px !important;} » el_class= »ombra »][vc_column offset= »vc_col-lg-offset-2 vc_col-lg-8 vc_col-md-offset-1 vc_col-md-10&Prime; css= ».vc_custom_1475484113399{padding-right: 3% !important;padding-left: 3% !important;} »][vc_row_inner content_aligment= »center »][vc_column_inner offset= »vc_col-lg-offset-1 vc_col-lg-10&Prime;]<div class="eltd-section-title-outer-holder" style="text-align: center">

	
	
</div>[vc_column_text]</p>
<h4><span style="color: #ffffff;">Pour la production d&rsquo;électricité nous avons utilisé un système photovoltaïque d&rsquo;environ 8 kWc, combiné avec un système de chauffage électrique par pompes à chaleur et avec des tables de cuisson à induction, alors que la production d&rsquo;eau chaude est assurée par des chaudières électriques.</span></h4>
<p>[/vc_column_text][/vc_column_inner][/vc_row_inner][vc_empty_space height= »60px »][/vc_column][/vc_row][vc_row content_width= »grid » css= ».vc_custom_1508862365199{padding-top: 60px !important;padding-right: 20px !important;padding-bottom: 60px !important;padding-left: 20px !important;background-color: #ffffff !important;} » el_class= »ombra2&Prime;][vc_column width= »1/2&Prime;][vc_column_text]</p>
<h4>Ainsi, nous avons réalisé une structure complètement autonome du point de vue énergétique en respect de l&rsquo;environnement, excluant toute émission de CO2 dans l&rsquo;atmosphère. L&#8217;emploi de systèmes d&rsquo;éclairage à basse consommation, comme les nouvelles technologies LED ou fluorescents électroniques, complète l&rsquo;installation.</h4>
<h4>Cette structure, selon des recherches menées par moi-même, serait l&rsquo;une des rares de son type. Un coin éloigné de tout, qui offre aux visiteurs et à leurs familles des nouvelles sensations et expériences, avec la possibilité de s’intégrer avec les autres visiteurs de Sagna Rotonda. Un petit village de montagne restitué à sa splendeur ancienne, entouré d&rsquo;un milieu naturel de beauté extraordinaire, qui dispose aussi d&rsquo;un grand espace commun converti à partir d&rsquo;une vieille grange voûtée en pierre, du four à bois du village entièrement restaurée et du portique juste en face. La propriété comprend <strong>un grand jardin</strong> avec des tables en plein air.</h4>
<p>[/vc_column_text][/vc_column][vc_column width= »1/2&Prime;][vc_column_text]</p>
<h4>Le Val Maïra est un territoire qui offre aux touristes la possibilité de visiter une partie de nos montagnes encore peu connu, disséminées de « strade ferrate » (voies ferrées) du vallon alpin de la frontière franco-italienne, parfaites pour les randonnées pédestres et en vélo, admirant les fortifications et les tranchées datant de la Seconde Guerre mondiale comme le Plateau de Gardetta ou Rocca La Meja, dans un paysage de montagne qui n&rsquo;a rien à envier à ceux beaucoup plus célèbres.</h4>
<h4>Nous croyons que le Piémont a finalement commencé à être connu et apprécié par un tourisme à la fois national et international, pour cette raison il a été possible de réaliser un projet innovant ayant pour objectif de faire dévoiler aux visiteurs les rythmes de vie passés et disparus depuis longtemps, en s’adressant vers un tourisme non commercial ainsi lié à la découverte du territoire et des sensations qui la nature seule, avec sa beauté primitive, peut inspirer.</h4>
<h4>Nous vous attendons!</h4>
<h4><em>Giovanni, Teresina, Giulio, Stefano</em></h4>
<p>[/vc_column_text][/vc_column][/vc_row]</p>

<p>[vc_row content_width= »grid » content_aligment= »center » css= ».vc_custom_1508862273191{padding-top: 120px !important;padding-bottom: 53px !important;background-color: #ffffff !important;} »][vc_column offset= »vc_col-lg-offset-3 vc_col-lg-6 vc_col-md-offset-1 vc_col-md-10&Prime;][vc_column_text] Après quatre ans de travaux méticuleux effectués par la Société Marchisio Valter de Prazzo, le village de Sagna Rotonda regagne son ancienne gloire afin d&rsquo;offrir à ses clients des émotions et&#8230;</p>
